rs of 316353?
3, 17, 6203
What are the prime factors of 1323616?
2, 7, 19, 311
List the prime factors of 14140.
2, 5, 7, 101
What are the prime factors of 921239?
11, 89, 941
List the prime factors of 4934307.
3, 7, 234967
List the prime factors of 8663829.
3, 17, 19, 8941
What are the prime factors of 248574?
2, 3, 17, 2437
What are the prime factors of 23562?
2, 3, 7, 11, 17
List the prime factors of 1723713.
3, 443, 1297
List the prime factors of 18694.
2, 13, 719
List the prime factors of 124903.
29, 59, 73
What are the prime factors of 4717140?
2, 3, 5, 29, 2711
What are the prime factors of 642462?
2, 3, 107077
List the prime factors of 383272.
2, 23, 2083
What are the prime factors of 314298?
2, 3, 19, 919
List the prime factors of 4369894.
2, 29, 59, 1277
List the prime factors of 5873583.
3, 1957861
List the prime factors of 2689893.
3, 17, 17581
List the prime factors of 12419.
11, 1129
List the prime factors of 109012.
2, 27253
List the prime factors of 2577369.
3, 19, 103, 439
List the prime factors of 2982629.
13, 229433
List the prime factors of 2422400.
2, 5, 757
What are the prime factors of 171437?
7, 19, 1289
List the prime factors of 145392.
2, 3, 13, 233
List the prime factors of 514736.
2, 53, 607
What are the prime factors of 569488?
2, 35593
What are the prime factors of 2747142?
2, 3, 50873
List the prime factors of 113207.
79, 1433
What are the prime factors of 10702408?
2, 1337801
List the prime factors of 88076.
2, 97, 227
List the prime factors of 456154.
2, 228077
What are the prime factors of 2513?
7, 359
List the prime factors of 37701376.
2, 17, 8663
List the prime factors of 34950739.
34950739
List the prime factors of 325775.
5, 83, 157
List the prime factors of 1058083.
13, 199, 409
What are the prime factors of 1179402?
2, 3, 7, 28081
List the prime factors of 119536.
2, 31, 241
List the prime factors of 15373899.
3, 17, 100483
List the prime factors of 75725.
5, 13, 233
What are the prime factors of 1275468?
2, 3, 157, 677
What are the prime factors of 26070?
2, 3, 5, 11, 79
List the prime factors of 8260697.
8260697
List the prime factors of 5960456.
2, 97, 7681
List the prime factors of 88229.
83, 1063
List the prime factors of 16445279.
19, 37, 149, 157
List the prime factors of 187673.
53, 3541
List the prime factors of 624205.
5, 127, 983
List the prime factors of 2396940.
2, 3, 5, 7, 13, 439
List the prime factors of 1055388.
2, 3, 37, 2377
List the prime factors of 278638.
2, 127, 1097
What are the prime factors of 164687?
37, 4451
List the prime factors of 931895.
5, 186379
List the prime factors of 914889.
3, 17, 17939
List the prime factors of 690673.
690673
What are the prime factors of 473149?
47, 10067
List the prime factors of 383467.
7, 29, 1889
What are the prime factors of 1609479?
3, 178831
What are the prime factors of 1738903?
1738903
List the prime factors of 3095462.
2, 17, 181, 503
List the prime factors of 381984.
2, 3, 23, 173
What are the prime factors of 395465?
5, 7, 11299
List the prime factors of 1160756.
2, 290189
List the prime factors of 17374468.
2, 4343617
What are the prime factors of 882556?
2, 23, 53, 181
List the prime factors of 763390.
2, 5, 97, 787
List the prime factors of 951576.
2, 3, 31, 1279
What are the prime factors of 7136421?
3, 2378807
List the prime factors of 547821.
3, 60869
List the prime factors of 21625.
5, 173
List the prime factors of 1106320.
2, 5, 13829
What are the prime factors of 5635981?
13, 33349
What are the prime factors of 1536681?
3, 17, 29, 1039
List the prime factors of 15444789.
3, 17, 31, 9769
List the prime factors of 135837.
3, 13, 43
List the prime factors of 11269591.
11269591
List the prime factors of 20004445.
5, 4000889
List the prime factors of 1914920.
2, 5, 7, 977
What are the prime factors of 467666?
2, 19, 31, 397
List the prime factors of 159088.
2, 61, 163
What are the prime factors of 16543045?
5, 3308609
What are the prime factors of 3377922?
2, 3, 562987
List the prime factors of 3557735.
5, 37, 19231
List the prime factors of 26949685.
5, 7, 83, 9277
List the prime factors of 41710.
2, 5, 43, 97
List the prime factors of 12787171.
19, 71, 9479
List the prime factors of 1155303.
3, 17, 839
List the prime factors of 2574511.
2574511
List the prime factors of 237091.
237091
What are the prime factors of 115109?
59, 1951
What are the prime factors of 1170264?
2, 3, 48761
What are the prime factors of 125348?
2, 31337
List the prime factors of 1325440.
2, 5, 19, 109
What are the prime factors of 2711288?
2, 227, 1493
List the prime factors of 69891.
3, 23297
List the prime factors of 153716.
2, 83, 463
What are the prime factors of 7007597?
41, 67, 2551
What are the prime factors of 402369?
3, 11, 89, 137
List the prime factors of 238912.
2, 3733
List the prime factors of 694646.
2, 23, 15101
List the prime factors of 3623045.
5, 724609
List the prime factors of 13515168.
2, 3, 23, 6121
List the prime factors of 1278803.
1278803
What are the prime factors of 354099?
3, 118033
What are the prime factors of 331080?
2, 3, 5, 31, 89
List the prime factors of 374994.
2, 3, 83, 251
List the prime factors of 99503.
19, 5237
List the prime factors of 63123.
3, 53, 397
List the prime factors of 205295.
5, 19, 2161
List the prime factors of 2129364.
2, 3, 59149
List the prime factors of 8286464.
2, 32369
What are the prime factors of 12836040?
2, 3, 5, 7, 37, 59
List the prime factors of 469003.
173, 2711
List the prime factors of 8643564.
2, 3, 163, 491
What are the prime factors of 1407554?
2, 23, 37, 827
List the prime factors of 1118033.
7, 22817
What are the prime factors of 1459397?
47, 31051
What are the prime factors of 1334870?
2, 5, 29, 4603
List the prime factors of 116332.
2, 127, 229
What are the prime factors of 4876376?
2, 41, 14867
List the prime factors of 35217363.
3, 1709, 6869
List the prime factors of 1218074.
2, 11, 13, 4259
List the prime factors of 83429.
19, 4391
List the prime factors of 4338.
2, 3, 241
List the prime factors of 607764.
2, 3, 50647
What are the prime factors of 1176575?
5, 19, 2477
What are the prime factors of 257891?
463, 557
What are the prime factors of 8779493?
8779493
List the prime factors of 1237543.
1237543
What are the prime factors of 32637224?
2, 4079653
List the prime factors of 864935.
5, 172987
What are the prime factors of 17272423?
7, 2467489
What are the prime factors of 250449?
3, 31, 2693
What are the prime factors of 176502?
2, 3, 23, 1279
What are the prime factors of 826537?
97, 8521
What are the prime factors of 10198980?
2, 3, 5, 11, 17, 101
What are the prime factors of 196370?
2, 5, 73, 269
What are the prime factors of 158526?
2, 3, 8807
List the prime factors of 678921.
3, 226307
What are the prime factors of 1361064?
2, 3, 56711
What are the prime factors of 10708255?
5, 353, 6067
List the prime factors of 9724.
2, 11, 13, 17
What are the prime factors of 720037?
31, 23227
List the prime factors of 1387238.
2, 693619
What are the prime factors of 6608845?
5, 1321769
List the prime factors of 311381.
7, 44483
List the prime factors of 96832.
2, 17, 89
What are the prime factors of 1918543?
11, 174413
List the prime factors of 880592.
2, 47, 1171
What are the prime factors of 1317009?
3, 79, 5557
What are the prime factors of 2564965?
5, 13, 39461
What are the prime factors of 724541?
421, 1721
List the prime factors of 423595.
5, 84719
What are the prime factors of 17387852?
2, 337, 12899
What are the prime factors of 18110430?
2, 3, 5, 13, 23, 673
What are the prime factors of 3931146?
2, 3, 43, 1693
What are the prime factors of 8026596?
2, 3, 59, 3779
List the prime factors of 339031.
7, 11, 17, 37
What are the prime factors of 5486029?
23, 97, 2459
List the prime factors of 235524.
2, 3, 19, 1033
List the prime factors of 4205504.
2, 23, 2857
What are the prime factors of 127600?
2, 5, 11, 29
What are the prime factors of 28495402?
2, 13, 19, 37, 1559
What are the prime factors of 1061388?
2, 3, 29483
List the prime factors of 260360.
2, 5, 23, 283
List the prime factors of 31584361.
31584361
What are the prime factors of 21727187?
31, 700877
List the prime factors of 30394063.
7, 23, 149, 181
List the prime factors of 1108946.
2, 191, 2903
List the p